dreds digit of 8761108?
1
What is the units digit of 1418047?
7
What is the ten thousands digit of 256473?
5
What is the thousands digit of 293113?
3
What is the hundred thousands digit of 1117165?
1
What is the millions digit of 23703230?
3
What is the ten thousands digit of 12982008?
8
What is the thousands digit of 1372602?
2
What is the ten thousands digit of 6162257?
6
What is the millions digit of 1397066?
1
What is the millions digit of 1631621?
1
What is the hundred thousands digit of 3941473?
9
What is the ten thousands digit of 837687?
3
What is the thousands digit of 260027?
0
What is the hundreds digit of 279141?
1
What is the thousands digit of 4829751?
9
What is the tens digit of 166691?
9
What is the hundreds digit of 3369664?
6
What is the hundred thousands digit of 154692?
1
What is the ten thousands digit of 830111?
3
What is the hundred thousands digit of 2676190?
6
What is the ten thousands digit of 198063?
9
What is the units digit of 346309?
9
What is the units digit of 3941235?
5
What is the units digit of 3775950?
0
What is the units digit of 22868805?
5
What is the tens digit of 4522?
2
What is the hundreds digit of 65222?
2
What is the millions digit of 1787447?
1
What is the tens digit of 998324?
2
What is the tens digit of 1374768?
6
What is the millions digit of 2044655?
2
What is the ten thousands digit of 10130164?
3
What is the tens digit of 71334?
3
What is the ten thousands digit of 171361?
7
What is the ten thousands digit of 1996888?
9
What is the hundreds digit of 9063597?
5
What is the hundred thousands digit of 7583403?
5
What is the hundreds digit of 2027645?
6
What is the tens digit of 616403?
0
What is the hundred thousands digit of 4788881?
7
What is the hundreds digit of 375404?
4
What is the ten thousands digit of 847246?
4
What is the thousands digit of 4948521?
8
What is the thousands digit of 31799516?
9
What is the thousands digit of 260083?
0
What is the tens digit of 25026595?
9
What is the ten thousands digit of 227882?
2
What is the ten thousands digit of 96354?
9
What is the units digit of 2431?
1
What is the millions digit of 2700057?
2
What is the ten thousands digit of 40939?
4
What is the thousands digit of 6249801?
9
What is the hundred thousands digit of 2137767?
1
What is the tens digit of 1417613?
1
What is the hundred thousands digit of 13063104?
0
What is the units digit of 53244?
4
What is the tens digit of 24379607?
0
What is the hundreds digit of 1261346?
3
What is the hundred thousands digit of 408583?
4
What is the hundreds digit of 7202270?
2
What is the hundreds digit of 634935?
9
What is the tens digit of 120811?
1
What is the hundred thousands digit of 816573?
8
What is the hundred thousands digit of 148959?
1
What is the units digit of 230904?
4
What is the ten thousands digit of 778382?
7
What is the tens digit of 14227876?
7
What is the millions digit of 5653103?
5
What is the ten thousands digit of 589380?
8
What is the tens digit of 21980767?
6
What is the hundred thousands digit of 3204520?
2
What is the ten thousands digit of 35115?
3
What is the units digit of 1069805?
5
What is the units digit of 479393?
3
What is the thousands digit of 19186400?
6
What is the millions digit of 1560470?
1
What is the hundred thousands digit of 8259479?
2
What is the thousands digit of 18518?
8
What is the tens digit of 485655?
5
What is the tens digit of 299873?
7
What is the tens digit of 12961128?
2
What is the units digit of 19372935?
5
What is the tens digit of 125024?
2
What is the tens digit of 156580?
8
What is the units digit of 857489?
9
What is the thousands digit of 134948?
4
What is the units digit of 3649275?
5
What is the ten thousands digit of 57141?
5
What is the tens digit of 15664830?
3
What is the millions digit of 6780065?
6
What is the tens digit of 836827?
2
What is the hundreds digit of 25829747?
7
What is the hundred thousands digit of 842035?
8
What is the thousands digit of 17410023?
0
What is the ten thousands digit of 1035660?
3
What is the hundreds digit of 922010?
0
What is the hundreds digit of 12377010?
0
What is the thousands digit of 4299646?
9
What is the tens digit of 418917?
1
What is the tens digit of 885319?
1
What is the hundreds digit of 11048563?
5
What is the hundred thousands digit of 600513?
6
What is the thousands digit of 257499?
7
What is the ten thousands digit of 381959?
8
What is the thousands digit of 557624?
7
What is the hundreds digit of 375348?
3
What is the ten thousands digit of 237640?
3
What is the millions digit of 27010022?
7
What is the thousands digit of 843715?
3
What is the thousands digit of 3256237?
6
What is the hundred thousands digit of 831245?
8
What is the units digit of 27340279?
9
What is the hundred thousands digit of 13649472?
6
What is the tens digit of 1753093?
9
What is the hundreds digit of 2491107?
1
What is the units digit of 1795?
5
What is the thousands digit of 996605?
6
What is the hundred thousands digit of 2499532?
4
What is the tens digit of 176442?
4
What is the units digit of 5970639?
9
What is the tens digit of 10153619?
1
What is the hundreds digit of 2245931?
9
What is the millions digit of 11809868?
1
What is the ten millions digit of 11803447?
1
What is the millions digit of 8042758?
8
What is the tens digit of 332677?
7
What is the units digit of 179191?
1
What is the ten thousands digit of 7771803?
7
What is the hundred thousands digit of 254290?
2
What is the tens digit of 2026842?
4
What is the hundreds digit of 1276164?
1
What is the hundreds digit of 1020383?
3
What is the hundreds digit of 457621?
6
What is the hundred thousands digit of 26814428?
8
What is the ten thousands digit of 1154945?
5
What is the units digit of 1596196?
6
What is the hundreds digit of 421068?
0
What is the tens digit of 317082?
8
What is the hundreds digit of 121662?
6
What is the tens digit of 3150851?
5
What is the ten thousands digit of 446266?
4
What is the ten thousands digit of 791775?
9
What is the units digit of 7809360?
0
What is the hundred thousands digit of 1057737?
0
What is the thousands digit of 22137629?
7
What is the ten thousands digit of 299886?
9
What is the millions digit of 5487687?
5
What is the hundreds digit of 38225?
2
What is the hundreds digit of 1310576?
5
What is the hundreds digit of 395627?
6
What is the ten thousands digit of 9996892?
9
What is the hundreds digit of 14074800?
8
What is the tens digit of 247927?
2
What is the units digit of 1587506?
6
What is the thousands digit of 876416?
6
What is the hundreds digit of 252762?
7
What is the hundred thousands digit of 3882267?
8
What is the ten thousands digit of 1603564?
0
What is the ten millions digit of 25317982?
2
What is the thousands digit of 8809139?
9
What is the thousands digit of 297524?
7
What is the hundred thousands digit of 341944?
3
What is the tens digit of 12001052?
5
What is the units digit of 2276217?
7
What is the hundreds digit of 8473078?
0
What is the thousands digit of 656522?
6
What is the millions digit of 4233605?
4
What is the hundreds digit of 1502207?
2
What is the hundred thousands digit of 130197?
1
What is the units digit of 133319?
9
What is the ten millions digit of 13607262?
1
What is the ten thousands digit of 923729?
2
What is the hundred thousands digit of 145509?
1
What is the hundred thousands digit of 267773?
2
What is the ten thousands digit of 119745?
1
What is the millions digit of 2108696?
2
What is the millions digit of 2633792?
2
What is the tens digit of 3814358?
5
What is the thousands digit of 650619?
0
What is the thousands digit of 210336?
0
What is the thousands digit of 25901602?
1
What is the thousands digit of 503922?
3
What is the millions digit of 12865806?
2
What is the ten thousands digit of 3509607?
0
What is the thousands digit of 428431?
8
What is the thousands digit of 31034413?
4
What is the ten thousands digit of 3199494?
9
What is the hundreds digit of 38818739?
7
What is the units digit of 2630756?
6
What is the millions digit of 1182487?
1
What is the tens digit of 3245513?
1
What is the ten millions digit of 14577065?
1
What is the tens digit of 168158?
5
What is the hundred thousands digit of 990469?
9
What is the hundred thousands digit of 1